he highest common divisor of 700364 and 518?
14
Calculate the greatest common factor of 11007 and 317367.
9
What is the highest common divisor of 55850760 and 6882?
222
Calculate the highest common divisor of 216 and 26419592.
8
Calculate the greatest common divisor of 2175 and 2049.
3
Calculate the highest common divisor of 12123 and 16956.
27
What is the highest common divisor of 11674655 and 66760?
8345
What is the highest common divisor of 45753837 and 9084?
2271
What is the highest common factor of 799 and 90410046?
799
What is the greatest common divisor of 17 and 138179417?
17
Calculate the highest common divisor of 221 and 151047.
13
Calculate the highest common factor of 32960 and 518711296.
6592
Calculate the greatest common factor of 15175 and 21145.
5
What is the greatest common factor of 208 and 3973680?
16
What is the highest common factor of 7296 and 15220?
4
Calculate the greatest common factor of 7652918 and 669487.
637
What is the greatest common divisor of 7840 and 7351760?
80
What is the greatest common factor of 14668 and 212?
4
Calculate the greatest common factor of 54 and 649614222.
54
What is the greatest common factor of 14672 and 26055638?
1834
What is the greatest common divisor of 7933626 and 6723?
81
Calculate the greatest common factor of 116144 and 5989956.
1708
What is the greatest common divisor of 1002 and 363846?
6
Calculate the greatest common divisor of 1024 and 21137344.
64
What is the highest common divisor of 338613 and 7136691?
993
What is the greatest common divisor of 1808508 and 1092?
156
Calculate the highest common divisor of 30069 and 321633.
117
What is the highest common factor of 10556960 and 20960?
160
Calculate the highest common factor of 145470 and 17901.
39
Calculate the greatest common factor of 1540312 and 128.
8
Calculate the highest common factor of 226536 and 17400.
24
What is the highest common factor of 77121 and 8441928?
1881
Calculate the highest common factor of 312187889 and 6773.
6773
What is the greatest common divisor of 91603 and 73105041?
1949
What is the greatest common factor of 22515 and 3307335?
1185
What is the highest common divisor of 8361596 and 11452?
1636
What is the highest common divisor of 3433 and 83669076?
3433
What is the highest common divisor of 60489500 and 2488?
1244
Calculate the highest common divisor of 313300500 and 57.
57
What is the greatest common factor of 41742804 and 11508?
1644
Calculate the highest common divisor of 92406592 and 128.
64
What is the highest common factor of 7553 and 82532212?
581
Calculate the highest common divisor of 275 and 43550105.
5
What is the highest common factor of 22385 and 153890?
55
What is the greatest common factor of 74886648 and 24?
24
What is the highest common divisor of 367522536 and 1896?
1896
Calculate the greatest common divisor of 40788 and 11318472.
396
What is the highest common factor of 11070 and 656990?
10
What is the greatest common factor of 44 and 8979377?
11
Calculate the highest common divisor of 3474 and 8938782.
18
What is the highest common divisor of 768 and 25666224?
48
What is the greatest common divisor of 60 and 4116?
12
What is the greatest common divisor of 14475773 and 1651?
13
What is the highest common divisor of 21353838 and 7638?
402
What is the greatest common divisor of 9599 and 43819?
29
What is the highest common factor of 17010022 and 12556?
146
Calculate the highest common factor of 18513 and 6043347.
153
Calculate the highest common factor of 1638624 and 27970176.
16224
Calculate the greatest common divisor of 1119 and 37484262.
1119
Calculate the greatest common factor of 509832 and 292.
292
What is the highest common divisor of 1188198 and 3063060?
3366
What is the highest common factor of 6728 and 3414112?
232
Calculate the greatest common divisor of 8999037 and 639.
639
What is the greatest common divisor of 2121 and 910035?
21
Calculate the greatest common factor of 27001 and 384982.
871
What is the highest common factor of 142717504 and 67?
67
Calculate the greatest common factor of 1158432429 and 77.
77
What is the highest common divisor of 4151 and 471271332?
4151
What is the highest common factor of 23357700 and 140220?
7380
What is the highest common divisor of 3416 and 549340624?
3416
Calculate the highest common divisor of 2546 and 650123.
19
Calculate the greatest common factor of 354676 and 3536372.
1484
Calculate the highest common divisor of 8004 and 1397664.
276
Calculate the greatest common factor of 446 and 3545254.
446
What is the highest common divisor of 11292 and 3168614244?
11292
What is the greatest common divisor of 32934 and 62788?
22
Calculate the highest common divisor of 4329 and 4964076.
117
Calculate the greatest common divisor of 85 and 74532335.
85
Calculate the highest common factor of 261707008 and 531.
59
Calculate the greatest common divisor of 248348 and 58656.
188
Calculate the greatest common factor of 1811682 and 24.
6
What is the greatest common factor of 727605 and 41477?
703
Calculate the highest common factor of 1873082 and 6944.
62
Calculate the greatest common divisor of 558497589 and 39.
39
What is the greatest common divisor of 24635 and 3965?
65
What is the highest common divisor of 1006459993 and 6545?
1309
What is the greatest common factor of 383039690 and 220?
110
What is the highest common factor of 253881009 and 2601?
2601
What is the highest common factor of 3942 and 1854711?
1971
What is the greatest common divisor of 2772 and 841995?
693
Calculate the greatest common divisor of 67518 and 19530.
558
Calculate the greatest common divisor of 19 and 41867963.
19
Calculate the highest common factor of 366 and 902549290.
122
Calculate the highest common divisor of 15611 and 1887926.
67
Calculate the highest common divisor of 17712 and 50304294.
2214
What is the highest common factor of 10 and 4157795?
5
What is the greatest common factor of 22694544 and 680664?
8616
Calculate the greatest common divisor of 26793 and 887211.
117
Calculate the greatest common divisor of 283244 and 284765.
169
What is the greatest common factor of 42080 and 192160?
160
What is the highest common factor of 23151828 and 367?
367
Calculate the greatest common divisor of 642754 and 175770.
434
What is the greatest common factor of 111730 and 4790?
10
Calculate the highest common factor of 673560 and 24840.
360
What is the highest common divisor of 19269 and 18036?
9
Calculate the greatest common divisor of 7663560 and 180.
60
Calculate the highest common divisor of 1875888 and 688.
16
Calculate the greatest common divisor of 182787 and 995454.
87
What is the highest common divisor of 363 and 1616145?
3
Calculate the greatest common factor of 1820 and 1928850560.
1820
What is the greatest common factor of 6192 and 640700?
172
What is the highest common divisor of 284350 and 1237951?
121
Calculate the greatest common divisor of 16540456 and 1326.
34
What is the highest common divisor of 1289169 and 152817?
399
Calculate the highest common factor of 31869 and 32445.
9
What is the highest common divisor of 38924957 and 1059?
353
Calculate the greatest common factor of 4698713 and 581.
83
Calculate the highest common divisor of 280 and 8594180.
140
Calculate the highest common divisor of 5402787 and 153.
51
What is the greatest common factor of 81459 and 1528524?
27
Calculate the greatest common factor of 140 and 135060940.
140
What is the highest common divisor of 43649196 and 528?
12
What is the greatest common divisor of 714 and 1264368?
42
Calculate the highest common divisor of 11522 and 154.
14
What is the greatest common divisor of 15990 and 723?
3
What is the greatest common factor of 196574582 and 1394?
82
What is the highest common divisor of 20374003 and 104?
13
What is the greatest common divisor of 1107 and 481?
1
What is the greatest common factor of 2951680 and 743685?
5765
What is the highest common factor of 58470689 and 359?
359
What is the greatest common factor of 945 and 771999480?
315
Calculate the greatest common factor of 1092 and 1679412.
84
What is the greatest common factor of 10983192 and 11?
11
What is the highest common divisor of 3990 and 3787770?
210
What is the highest common divisor of 109160144 and 2064?
68